{"id":30,"date":"2024-09-17T10:36:51","date_gmt":"2024-09-17T10:36:51","guid":{"rendered":"https:\/\/stran1.luka.kaudata.dev\/?page_id=30"},"modified":"2024-09-17T11:15:56","modified_gmt":"2024-09-17T11:15:56","slug":"kontakt","status":"publish","type":"page","link":"https:\/\/stran1.luka.kaudata.dev\/?page_id=30","title":{"rendered":"Kontakt"},"content":{"rendered":"\n<div class=\"wp-block-columns is-layout-flex wp-container-core-columns-is-layout-9d6595d7 wp-block-columns-is-layout-flex\">\n<div class=\"wp-block-column is-layout-flow wp-block-column-is-layout-flow\"><div class=\"forminator-ui forminator-custom-form forminator-custom-form-37 forminator-design--material  forminator_ajax\" data-forminator-render=\"0\" data-form=\"forminator-module-37\" data-uid=\"69e9f24800d2a\"><br\/><\/div><form\n\t\t\t\tid=\"forminator-module-37\"\n\t\t\t\tclass=\"forminator-ui forminator-custom-form forminator-custom-form-37 forminator-design--material  forminator_ajax\"\n\t\t\t\tmethod=\"post\"\n\t\t\t\tdata-forminator-render=\"0\"\n\t\t\t\tdata-form-id=\"37\"\n\t\t\t\t\n\t\t\t\tdata-design=\"material\"\n\t\t\t\t\n\t\t\t\t\n\t\t\t\t\n\t\t\t\tdata-grid=\"open\"\n\t\t\t\t\n\t\t\t\t\n\t\t\t\tstyle=\"display: none;\"\n\t\t\t\t\n\t\t\t\tdata-uid=\"69e9f24800d2a\"\n\t\t\t><div role=\"alert\" aria-live=\"polite\" class=\"forminator-response-message forminator-error\" aria-hidden=\"true\"><\/div><div class=\"forminator-row\"><div id=\"name-1\" class=\"forminator-field-name forminator-col forminator-col-12 \"><div class=\"forminator-field\"><label for=\"forminator-field-name-1_69e9f24800d2a\" id=\"forminator-field-name-1_69e9f24800d2a-label\" class=\"forminator-label\">Ime <span class=\"forminator-required\">*<\/span><\/label><input type=\"text\" name=\"name-1\" value=\"\" placeholder=\"\" id=\"forminator-field-name-1_69e9f24800d2a\" class=\"forminator-input forminator-name--field\" aria-required=\"true\" \/><\/div><\/div><\/div><div class=\"forminator-row\"><div id=\"email-1\" class=\"forminator-field-email forminator-col forminator-col-12 \"><div class=\"forminator-field\"><label for=\"forminator-field-email-1_69e9f24800d2a\" id=\"forminator-field-email-1_69e9f24800d2a-label\" class=\"forminator-label\">Email <span class=\"forminator-required\">*<\/span><\/label><input type=\"email\" name=\"email-1\" value=\"\" placeholder=\"\" id=\"forminator-field-email-1_69e9f24800d2a\" class=\"forminator-input forminator-email--field\" data-required=\"true\" aria-required=\"true\" \/><\/div><\/div><\/div><div class=\"forminator-row\"><div id=\"phone-1\" class=\"forminator-field-phone forminator-col forminator-col-12 \"><div class=\"forminator-field\"><label for=\"forminator-field-phone-1_69e9f24800d2a\" id=\"forminator-field-phone-1_69e9f24800d2a-label\" class=\"forminator-label\">Telefonska \u0160tevilka<\/label><input type=\"text\" name=\"phone-1\" value=\"\" placeholder=\"\" id=\"forminator-field-phone-1_69e9f24800d2a\" class=\"forminator-input forminator-field--phone\" data-required=\"\" aria-required=\"false\" autocomplete=\"off\" \/><\/div><\/div><\/div><div class=\"forminator-row\"><div id=\"select-1\" class=\"forminator-field-select forminator-col forminator-col-12 \"><div class=\"forminator-field\"><label for=\"forminator-form-37__field--select-1_69e9f24800d2a\" id=\"forminator-form-37__field--select-1_69e9f24800d2a-label\" class=\"forminator-label\">Zadeva<\/label><select  id=\"forminator-form-37__field--select-1_69e9f24800d2a\" class=\"forminator-select--field forminator-select2 forminator-select2-multiple\" data-required=\"\" name=\"select-1\" data-default-value=\"\" data-hidden-behavior=\"zero\" data-placeholder=\"Izberi zadevo\" data-search=\"false\" data-search-placeholder=\"Izberi zadevo\" data-checkbox=\"false\" data-allow-clear=\"false\" aria-labelledby=\"forminator-form-37__field--select-1_69e9f24800d2a-label\"><option value=\"\"  >Izberi zadevo<\/option><option value=\"one\"  data-calculation=\"0\">Povpra\u0161evanje o sestavljanju ra\u010dunalnika<\/option><option value=\"two\"  data-calculation=\"0\">Tehni\u010dna podpora<\/option><\/select><\/div><\/div><\/div><div class=\"forminator-row\"><div id=\"textarea-1\" class=\"forminator-field-textarea forminator-col forminator-col-12 \"><div class=\"forminator-field\"><label for=\"forminator-field-textarea-1_69e9f24800d2a\" id=\"forminator-field-textarea-1_69e9f24800d2a-label\" class=\"forminator-label\">Sporo\u010dilo<\/label><textarea name=\"textarea-1\" placeholder=\"Vnesite Sporo\u010dilo\" id=\"forminator-field-textarea-1_69e9f24800d2a\" class=\"forminator-textarea\" rows=\"6\" style=\"min-height:140px;\" maxlength=\"180\" ><\/textarea><span id=\"forminator-field-textarea-1_69e9f24800d2a-description\" class=\"forminator-description\"><span data-limit=\"180\" data-type=\"characters\">0 \/ 180<\/span><\/span><\/div><\/div><\/div><input type=\"hidden\" name=\"referer_url\" value=\"\" \/><div class=\"forminator-row forminator-row-last\"><div class=\"forminator-col\"><div class=\"forminator-field\"><button class=\"forminator-button forminator-button-submit\"><span>Po&scaron;lji<\/span><span aria-hidden=\"true\"><\/span><\/button><\/div><\/div><\/div><input type=\"hidden\" id=\"forminator_nonce\" name=\"forminator_nonce\" value=\"77dc3e0956\" \/><input type=\"hidden\" name=\"_wp_http_referer\" value=\"\/index.php?rest_route=%2Fwp%2Fv2%2Fpages%2F30\" \/><input type=\"hidden\" name=\"form_id\" value=\"37\"><input type=\"hidden\" name=\"page_id\" value=\"30\"><input type=\"hidden\" name=\"form_type\" value=\"default\"><input type=\"hidden\" name=\"current_url\" value=\"https:\/\/stran1.luka.kaudata.dev\/?page_id=30\"><input type=\"hidden\" name=\"render_id\" value=\"0\"><input type=\"hidden\" name=\"action\" value=\"forminator_submit_form_custom-forms\"><\/form>\n<\/div>\n\n\n\n<div class=\"wp-block-column is-layout-flow wp-block-column-is-layout-flow\">\n<h2 class=\"wp-block-heading\"><strong>Kontaktirajte nas<\/strong><\/h2>\n\n\n\n<p>Potrebujete pomo\u010d pri izbiri prave konfiguracije ra\u010dunalnika, \u017eelite povpra\u0161evati o storitvah ali imate vpra\u0161anja glede \u017ee izdelanega sistema? Pi\u0161ite nam, in z veseljem vam bomo pomagali!<\/p>\n\n\n\n<h4 class=\"wp-block-heading\"><strong>Tehni\u010dna podpora<\/strong><\/h4>\n\n\n\n<p><strong>E-po\u0161ta<\/strong>: <a href=\"mailto: luka@kaudata.si\" data-type=\"link\" data-id=\"mail:\">luka@kaudata.si<\/a><br><strong>Telefon<\/strong>: <a href=\"tel: +386 41 454 775\" data-type=\"tel\" data-id=\"tel:\">+386 41 454 775<\/a><\/p>\n\n\n\n<hr class=\"wp-block-separator has-alpha-channel-opacity is-style-dots\"\/>\n\n\n\n<h4 class=\"wp-block-heading\">Prodaja<\/h4>\n\n\n\n<p><strong>E-po\u0161ta<\/strong>: <a href=\"mailto: luka@kaudata.si\" data-type=\"link\" data-id=\"mail:\">aljaz@kaudata.si<\/a><br><strong>Telefon<\/strong>: <a href=\"tel: +386 40 543 852\" data-type=\"tel\" data-id=\"tel:\">+386 40 543 852<\/a><\/p>\n<\/div>\n<\/div>\n\n\n\n<p><\/p>\n","protected":false},"excerpt":{"rendered":"<p>Kontaktirajte nas Potrebujete pomo\u010d pri izbiri prave konfiguracije ra\u010dunalnika, \u017eelite povpra\u0161evati o storitvah ali imate vpra\u0161anja glede \u017ee izdelanega sistema? Pi\u0161ite nam, in z veseljem vam bomo pomagali! Tehni\u010dna podpora &#8230;<\/p>\n","protected":false},"author":1,"featured_media":0,"parent":0,"menu_order":0,"comment_status":"closed","ping_status":"closed","template":"","meta":{"footnotes":""},"class_list":["post-30","page","type-page","status-publish","hentry"],"_links":{"self":[{"href":"https:\/\/stran1.luka.kaudata.dev\/index.php?rest_route=\/wp\/v2\/pages\/30","targetHints":{"allow":["GET"]}}],"collection":[{"href":"https:\/\/stran1.luka.kaudata.dev\/index.php?rest_route=\/wp\/v2\/pages"}],"about":[{"href":"https:\/\/stran1.luka.kaudata.dev\/index.php?rest_route=\/wp\/v2\/types\/page"}],"author":[{"embeddable":true,"href":"https:\/\/stran1.luka.kaudata.dev\/index.php?rest_route=\/wp\/v2\/users\/1"}],"replies":[{"embeddable":true,"href":"https:\/\/stran1.luka.kaudata.dev\/index.php?rest_route=%2Fwp%2Fv2%2Fcomments&post=30"}],"version-history":[{"count":9,"href":"https:\/\/stran1.luka.kaudata.dev\/index.php?rest_route=\/wp\/v2\/pages\/30\/revisions"}],"predecessor-version":[{"id":53,"href":"https:\/\/stran1.luka.kaudata.dev\/index.php?rest_route=\/wp\/v2\/pages\/30\/revisions\/53"}],"wp:attachment":[{"href":"https:\/\/stran1.luka.kaudata.dev\/index.php?rest_route=%2Fwp%2Fv2%2Fmedia&parent=30"}],"curies":[{"name":"wp","href":"https:\/\/api.w.org\/{rel}","templated":true}]}}